 262 - 42. Suppose 3*a - 205 = -y. Let b(f) = -f**2 - 5*f + 5. What is b(a)?
5
Suppose 5*l + y = -2 + 29, 4*y + 7 = 3*l. Suppose l*b + 20 = -0*b. Let s(o) = o**2 + 4*o - 2. Give s(b).
-2
Let k(r) = r**3 - 3*r**2 - 2*r + 1. Let x = -77 + 81. Suppose -2*h + 4 + x = -2*v, 4 = h - 4*v. Calculate k(h).
9
Let v(n) = 3*n + 49. Let h = -81 + 65. Let g be v(h). Let r(p) = -2*p**3 - p**2 + p - 1. What is r(g)?
-3
Let x(d) = -5*d + 5. Let m(b) = 7*b. Let g(n) = -4*m(n) - 5*x(n). Give g(-12).
11
Let u(k) be the second derivative of -k**5/20 - k**4/2 - k**3/2 - 9*k**2/2 + 132*k. Give u(-6).
9
Let b(n) = 2*n - 5 + 3 - 3*n. Let j be -1 - (15 + (3 - 6)). Let x be 3*-1 + j + 10. Give b(x).
4
Let s(b) = b**3 + 6*b**2 - 12*b - 31. Let n be s(-7). Let r(y) = 2*y**2 - 5*y - 2. Give r(n).
10
Let o(n) be the second derivative of n**4/6 + n**3/6 - 11*n**2 + 58*n - 4. Calculate o(0).
-22
Let b(d) = -7*d**3 + 6*d**2 - 6*d. Let g(z) = 6*z**3 - 6*z**2 + 6*z - 1. Let j(v) = 5*b(v) + 6*g(v). What is j(4)?
-14
Let x(q) = 7*q + 1. Let l(c) = 20*c + 3. Let w(h) = -6*l(h) + 17*x(h). Let a(t) = -t**2 - 7*t - 2. Let s(d) = -a(d) + w(d). Let j = 74 + -80. Calculate s(j).
1
Let o(j) = j**3 + 5*j**2 - j + 4. Let c be o(-5). Let h be (c/(-18))/((-1)/4). Let z = h + 1. Let k(b) = 3*b - 3. Calculate k(z).
6
Let l(o) = -o + 9. Suppose -4*p + 20 = 2*u, 18*u - 16*u - 22 = -2*p. Determine l(u).
-3
Let h(v) = -11 + 32 - 15 + 0*v - v. Let l be 57/9 - (-3)/(-9). Determine h(l).
0
Suppose -d + 18 - 9 = 0. Let f(y) = y - 10. Give f(d).
-1
Let u(k) = -6*k**3 - 2*k**2 + k - 1. Let z be ((2 - -7)/3)/3. Determine u(z).
-8
Let f(o) = -4*o**2 + 161*o - 37. Let p be f(40). Let b(a) = 5*a - 21. Determine b(p).
-6
Let k = 14 - 16. Let w be k*((-1)/(-2) + -2). Suppose -14 - 1 = w*d. Let g(m) = -m**3 - 4*m**2 + 5*m + 7. Give g(d).
7
Suppose 4*l + 0 + 4 = 0. Let n(g) be the third derivative of -3*g**6/20 - g**5/30 + g**3/6 - 468*g**2. Determine n(l).
17
Let w(n) = -1 - 1 - 32972*n - 2 + 32968*n + n**2 - 1. What is w(4)?
-5
Let l(q) = 0 + 4 - 3 - 10*q**2 + 32*q**2. What is l(-1)?
23
Let m(r) = -r**2 - 9*r - 7. Let x be m(-5). Let o = x - 10. Let b(i) = o + 1 + i + i - 3*i. What is b(-5)?
9
Let b(l) = l**2 + 9*l - 15. Let s be b(-11). Let n be (0 - s/2)*6. Let p = -18 - n. Let c(d) = -3*d + 3. What is c(p)?
-6
Let g(l) = -141*l**2 - 2 - 26*l + 30*l + 142*l**2. What is g(-7)?
19
Let a(f) = 11*f - 167. Let t be a(15). Let o(v) = 18*v + 2. What is o(t)?
-34
Let b(k) be the second derivative of -k**4/12 - 4*k**3/3 - 9*k**2 - 2*k. Let i be b(-6). Let x be -4 - 9/i*2. Let l(s) = 3*s. Give l(x).
-3
Let x(m) = 2*m**2 - 12*m - 7. Let b be x(0). Let s(y) be the second derivative of 1/6*y**3 - 2*y + 5*y**2 + 0. Calculate s(b).
3
Suppose 606*h = 619*h. Let q(n) = -n**2 + 3*n - 4. Let x(w) = w. Let k(f) = q(f) - 2*x(f). Give k(h).
-4
Let v be (-27 - -21)/(9/(-6)). Let c(l) = -l**3 + 5*l**2 - l - 4. Give c(v).
8
Let h(x) = x**2 + 3*x - 20. Let v be h(-6). Let i(z) = z**3 + 2*z**2 + z + 1. What is i(v)?
-1
Let d = 4 - 4. Let j(f) = 0*f + 2*f + d*f - 1 - f. Let x = 103 + -101. What is j(x)?
1
Suppose -3*k - 10*n + 6*n + 4 = 0, 5*n + 1 = -3*k. Let u(i) = -2*i + 8. Calculate u(k).
-8
Let y be 244/6 + -1 + (-4)/6. Let h = y + -35. Let k(q) = -q**3 + 5*q**2 - 5*q. Determine k(h).
-4
Let i(c) = 12*c + 6. Let t(j) = 5*j + 16. Let m(x) = x + 3. Let u(g) = -11*m(g) + 2*t(g). Let b(p) = i(p) + 5*u(p). Let k be (0 - -4)/(-4) - -2. Determine b(k).
8
Let o(z) = -z + 2. Suppose 8*c = c + 63. Suppose c*x - 27 = -0*x. Give o(x).
-1
Let o be 735/(-294)*(-3 + 26/10). Let u(p) be the third derivative of -p**4/12 + p**2. Calculate u(o).
-2
Let b be ((-3)/(-6))/((-2)/(-16)). Let r(p) be the third derivative of 1/6*p**4 - 1/60*p**5 - 5/6*p**3 - 10*p**2 + 0*p + 0. Give r(b).
-5
Let d(i) = -i**2 + 8*i - 11. Let y = -551 - -558. Give d(y).
-4
Suppose -t - 8 = -2*u, -5*t + 0 = -4*u + 22. Let s(k) = 8*k. Determine s(t).
-16
Let o(y) be the first derivative of y**4/4 - 3*y**3 - 9*y**2/2 - 7*y + 54. What is o(10)?
3
Let s be 23/15 - 270/225. Let g(d) be the first derivative of -s*d**3 - 2*d + 9 - 3*d**2. What is g(-6)?
-2
Let k(h) be the first derivative of h**4/4 + 7*h**3/3 - 3*h**2/2 - 16*h - 6. What is k(-7)?
5
Let w(q) = 0 + 17*q + 21*q - 52*q + 15*q + 4. Let c be (-26)/4 - (-1)/2. Calculate w(c).
-2
Let h(j) = -j. Let l(k) be the third derivative of k**4/3 + k**3 + 2*k**2. Let f = -3 + 2. Let m(q) = f*l(q) - 6*h(q). Give m(-5).
4
Suppose -4*g - 120 = -4*m, g + 4*g + 2*m = -136. Let o = -29 - g. Let q(b) = -7*b**2. Calculate q(o).
-7
Suppose -3*s + 4*s - 2 = 0. Let o(x) = -s + 15*x - 18*x - 2. Calculate o(4).
-16
Let t(c) be the third derivative of 0 + 1/24*c**4 + 5/6*c**3 + 0*c + 10*c**2. Let v(o) = o**3 - 4*o**2 - 5*o - 4. Let g be v(5). What is t(g)?
1
Let d(c) be the third derivative of c**4/24 - c**3 + 3*c**2. Let w(v) = -v**3 - 24*v**2 - 22*v + 25. Let r be w(-23). Let q be 5/(-2)*(0 + r). Give d(q).
-11
Let o(b) = 3*b + 33 - 1 - 2*b - 4*b + 10*b**2 - b**3. Give o(10).
2
Let c(s) be the second derivative of 5*s**3 + s**2/2 + 5*s - 5. Calculate c(-1).
-29
Let m = -10 - -10. Let b(s) = 7*s - 3 + m + s**2 + 2 - 2. Determine b(-4).
-15
Let h = -90 - -94. Suppose -2*c = 2*c + 3*q - 14, -4*c + q + 22 = 0. Suppose -3*t + 11 = -c*u, -h*u + 0*u - 1 = -5*t. Let s(z) = z**2 + 2*z - 5. Determine s(u).
3
Let k(p) = p**2 + 4*p + 3. Let q(j) = -18*j - 2 + 0 + 5 - 5 - 20*j**2 - 2*j**3. Let i be q(-9). Determine k(i).
-1
Let a be 2/(2/(-8)*-1). Suppose -2*b - 2 = q, b - 2*b - 4*q = a. Let o(m) = m**3 - m**2 + m + 10. Determine o(b).
10
Let h(o) = -o**3 - 8*o**2 + 34*o + 13. Let i be h(-11). Let q(z) be the second derivative of -z**5/20 + z**4/4 - 2*z**3/3 + z**2 + 2*z. Determine q(i).
-2
Let i(h) = -7 + 0*h + 5*h - 5*h + h**2 + 3*h. Let a = 3 - 4. Let l be (a - 1)*5/2. Determine i(l).
3
Let l(q) = -5*q**2 + 2*q. Suppose 4*a + 2*g = 4*g + 138, 3*a - 110 = -5*g. Let c = -37 + a. Determine l(c).
-24
Let o(z) = 12*z**2 - 23*z**2 + 19*z**3 + 58*z + 12*z**2 - 60*z. Give o(1).
18
Let w(s) = -s**2 - 6*s. Let h be w(-6). Let b(d) = -3*d - 16*d + 18*d + 27. Give b(h).
27
Let j(u) = 3*u - 2*u**2 + 5 + 2*u + 2*u + 3*u**2. Calculate j(-6).
-1
Let b(k) be the first derivative of -3*k - 8 + k**2 + 2/3*k**3. Determine b(-3).
9
Let t(l) = -l**3 + 7*l**2 - 8. Let f be (-10)/(-35) - 57*(-4)/(-14). Let z be 4/(f/(-42))*4/6. What is t(z)?
-8
Let o(a) = 2 + 2*a**2 + a + 3*a - 3*a**3 + 0*a. Give o(-2).
26
Let y(f) be the second derivative of -f**4/12 - 5*f**3/2 - 27*f**2/2 + 3*f + 37. What is y(-13)?
-1
Let v be 70/15 - 5 - (-34)/(-6). Let b(m) = m**2 + 1. Let f be b(-3). Let y = f + v. Let s(x) = x**2 - 6*x + 4. What is s(y)?
-4
Let l(c) = c**2 - 3*c - 3. Let q(z) = z**3 + 5*z**2 + 8*z + 43. Let b be q(-5). What is l(b)?
-3
Let u(d) = -d**3 - 7*d**2 - 7*d. Let g(r) = r**3 + 8*r**2 + 8*r + 2. Let k(x) = -2*g(x) - 3*u(x). Give k(-3).
-1
Suppose 4*q = r - 0*q + 18, 2*r = 5*q - 21. Let x(n) = -1 - n**3 + 3*n + 6*n - 4*n + 2*n**3 - 7*n**r. Determine x(6).
-7
Suppose 0 = -393*y + 394*y + 6. Let n(x) = x + 3. Give n(y).
-3
Suppose -5*b - 81 = -7*n + 3*n, 34 = n - 4*b. Suppose 3*t = 2*h + h - 6, -n = t + 5*h. Let v(y) = -y**2 + 0*y**2 - 4*y - y - 3. Give v(t).
1
Let h(n) = -18*n + 15*n + 2*n - 7. Let m = 5 - 10. What is h(m)?
-2
Let r(u) = -u**2 + 2*u + 3. Let d be r(6). Let m(k) = -k**2 + 15. Let a be m(0). Let n = a + d. Let g(y) = y + 12. Determine g(n).
6
Let l(x) = x**2 - 6*x - 1. Let t be (-56)/(-3 - 4) + -3. Determine l(t).
-6
Let j(k) = 3*k**2 + 2*k - 2. Let m(l) = 3*l**2 + l**2 - 1 - 53*l + 56*l. Let r(f) = -3*j(f) + 2*m(f). Give r(-3).
-5
Let w(p) = p + 4. Let g(x) = -7*x + 2. Suppose 0 = -8*h + 2*h + 6. Let f be g(h). Give w(f).
-1
Let k be 24/(-15)*(-15)/(-6). Suppose 0 = -3*l - 5*x + 29, 2*l = x - 0*x + 15. Let i be 4/l - 22/k. Let q(a) = a**2 - 6*a - 7. Calculate q(i).
-7
Let z(b) be the third derivative of -1/120*b**6 + 1/2*b**3 + 0*b + 0 - 7/24*b**4 - 7*b**2 - 3/20*b**5. Suppose 15 = -i + 7. Calculate z(i).
-5
Let t be -2*((-31)/(-2) - 6). Let b(d) = d**3 + 19*d**2 - d - 1. Give b(t).
18
Let j(n) = 7*n**3 + 5*n**2 + 4*n + 1. Let c be j(-1). Let u(q) = q**3 + 7*q**2 + 11*q + 11. Give u(c).
6
Suppose 8*h = 16*h - 32. Suppose -h*d - j = 6, 4*d - 2*d - 8 = 5*j. Let m(q)